er when 575 is divided by a.
31
Let x(t) = -16*t - 3. Suppose -68*i + 85 + 4919 = -2952. Calculate the remainder when i is divided by x(-3).
27
Suppose -470205 = -538*k + 133*k. Calculate the remainder when k is divided by 236.
217
Let w be 7 + (-423)/63 + 47/7. Calculate the remainder when ((-82)/w - 0)/(292/(-2044)) is divided by 42/((-2)/(-1 + -1)).
40
Let q(g) = 3*g**2 - 6*g + 365. Calculate the remainder when q(-26) is divided by 6.
5
Let j be (-117 + 117)*((-6)/4)/3. Suppose j = -104*z + 111*z - 63. Calculate the remainder when z is divided by 8.
1
Let f(d) = 4*d**2 - 16*d - 29. Let g be f(11). Suppose -12*n = -1611 + g. Calculate the remainder when 230 is divided by n.
8
Let u(s) = s**3 - 3*s**2 + 3*s - 6. Let y be u(3). Let l(w) = -5*w**3 - 4*w + 5*w**3 + w**y + 6*w**2 + 3. Calculate the remainder when l(-5) is divided by 17.
14
What is the remainder when 418 is divided by (6 - 5)/(11/(-22))*-37?
48
Suppose -10*v + 3977 = 3317. What is the remainder when 1581 is divided by v?
63
Let r(w) = 18*w - 1400. Suppose 0 = -0*v - 5*v + 120. Calculate the remainder when r(91) is divided by v.
22
Let u(b) = 4*b**2 + 16*b - 30. Suppose 10*p - 4 = 16. Let a = 95 + -64. Calculate the remainder when a is divided by u(p).
13
Let w be (11 - -1)/4 - -1. Suppose 2*o + t = 43 + 26, -o + w*t = -21. Calculate the remainder when 156 is divided by o.
24
Suppose u = 3*g - 97, -31 = -g + u - 0*u. Suppose -8*o = -535 - 553. Suppose -434 = -6*k + o. What is the remainder when k is divided by g?
29
What is the remainder when ((-4)/10)/(12/((-25560)/6)) is divided by 80*(0 + 3/6)?
22
Suppose -4*g + 10*g = -354. Let w = g + 77. What is the remainder when (130/(-15))/(2/(-6)) is divided by w?
8
Let o(d) = -5*d - 25. Let r be o(-7). Suppose 3*n = 5*u - 33, 5*n - 3 = 3*u - r. Calculate the remainder when 24 is divided by u.
6
Let n(s) = -64*s + 119. What is the remainder when n(0) is divided by 36?
11
Let v = -6376 - -6408. Calculate the remainder when 222 is divided by v.
30
Suppose -4*h + 1 = -11. Let z be ((-2)/h + (-7)/21)*-5. Suppose -5*t + z*f + 790 = -0*t, -4*f = 4*t - 640. Calculate the remainder when t is divided by 23.
21
Let o = 26 + -53. Suppose 653 = 73*k - 77. Calculate the remainder when k is divided by (-2)/4 - o/6.
2
Suppose 4*q + 35 - 11 = 0. Calculate the remainder when 28 is divided by -32*(3 + 0)/q.
12
Suppose 3*q + y = 15, -3*y = 3*q - 0*y - 21. Suppose -q*p - 6*p = 0. Let r(m) = m**2 - 6*m + 25. What is the remainder when r(p) is divided by 13?
12
Let b(u) = -7*u**2 + 14*u + 54. Let x be b(-4). Let v = 140 + x. What is the remainder when 102 is divided by v?
24
Let x = 6078 - 6050. What is the remainder when 60 is divided by x?
4
Let c(a) = a**3 - 21*a**2 + 37*a + 23. Let n be c(19). Calculate the remainder when 70 is divided by (n/(-10))/((-3)/(-30)) - -33.
12
Let i = 23 - 7. Let q(k) = k**2 - 22*k + 123. Let n(z) = -z**3 - 37*z**2 - 3*z - 98. Let d be n(-37). What is the remainder when i is divided by q(d)?
4
Let c be 3 + 0/(-4 - -9). Let b(x) = -3*x - 23*x**2 + 6 - c + 13*x**2 + 18*x**2. What is the remainder when 30 is divided by b(1)?
6
Suppose 6*g = -26 - 4. Calculate the remainder when (g - -3 - -123) + -1 is divided by 44.
32
Suppose -r = -27 - 6. Let g(u) = -u**3 - 43*u**2 + 89*u + 152. Calculate the remainder when g(-45) is divided by r.
32
Let k = 29 - -10. Suppose 0 = -5*v + 3*z + 105, -2*z + 2 - 30 = -v. Let p = -12 + v. Calculate the remainder when k is divided by p.
3
Let q = 2520 + -2502. Calculate the remainder when q is divided by 5.
3
Suppose 35*a - 114*a = -142358. What is the remainder when a is divided by 129?
125
Suppose u = 5*q - 1530, -258 - 48 = -q - 3*u. Suppose 2*i + 4*p = q, -8*i + 3*i = -4*p - 807. Calculate the remainder when i is divided by 23.
21
Suppose -2264 - 25704 = -10*a - 142*a. What is the remainder when a is divided by 86?
12
Calculate the remainder when (-24)/7*11284/(-104) is divided by 146.
80
Let j = -5680 - -5684. What is the remainder when 35 is divided by j?
3
Suppose -6 = -2*m, m + 0*m = 5*w - 537. Suppose -4*o + w = -o. Let l = o - 21. Calculate the remainder when 24 is divided by l.
9
Let l = -14 - -17. Let a(p) = 11*p**2 - 5*p - 6. What is the remainder when a(l) is divided by -5 - 5*(0 - 5)?
18
Calculate the remainder when ((-69740)/(-528))/((-15)/(-24)) - (-2)/3 is divided by 9.
5
Suppose 0 = -164*h + 170*h + 162. Calculate the remainder when ((-11720)/(-45))/2 + 6/h is divided by 62.
6
Let g = -148 + 152. Let d = g - -2. Calculate the remainder when 19 is divided by d.
1
Let o(m) be the third derivative of -m**6/120 + 13*m**5/60 - m**4/2 + 17*m**3/6 + 16*m**2. Calculate the remainder when o(12) is divided by 28/5 + (-2)/(-5).
5
Suppose 4*a + f + f = 132, -3*f - 142 = -4*a. Let q = a + 50. What is the remainder when q is divided by 22?
18
Suppose -2*b + 314 = 5*f - 339, 3*f - 394 = b. Let t = 6901 - 6884. What is the remainder when f is divided by t?
12
Suppose 892 = 4*k - 12*t + 14*t, -3*k + 2*t = -690. What is the remainder when 733 is divided by k?
55
Suppose -n + 5*u + 33 = 0, 4*u = -0*n - 3*n + 42. Suppose -v + n = c, 5*v = 3*c + 8 + 42. What is the remainder when 51 is divided by v?
12
Let m = -82 + 29. Let l = -21 - m. Let p = -22 + l. Calculate the remainder when 39 is divided by p.
9
Suppose 5*i = -k + 117 + 197, 4*i + 3*k = 238. What is the remainder when 829 is divided by i?
61
Let i(c) = c**3 + 58*c**2 + 59*c + 289. Calculate the remainder when i(-57) is divided by 47.
34
Let i(s) = 2*s**3 + 12*s**2 - 2*s + 4. Let f be i(-6). Suppose -7*y + 47 = -f. Suppose -y*v + 147 = 39. Calculate the remainder when 44 is divided by v.
8
Suppose 3897 = 4*g + 3*w, 3*w = -g + 471 + 492. Calculate the remainder when g is divided by 14.
12
Let l = 62 - 39. Let p = 42 - 77. Calculate the remainder when l is divided by (-10)/p + 330/21.
7
Suppose -3*j + 131 = -4*d, -d + 4*j + j = 37. Let h be (-266)/16 - (-12)/d. Let o = h + 28. Calculate the remainder when o is divided by 4.
3
Let g = -15 + 64. Let v(s) = -5*s + 19. What is the remainder when v(-15) is divided by g?
45
Let i(z) = 87*z**2 + 175*z + 167. What is the remainder when i(-1) is divided by 2 + (-1 - 0) + 39?
39
Calculate the remainder when -3*11732/(-294) + (-2)/(-7) is divided by 81.
39
Let a = -164 + 239. Let t = a + 2. Calculate the remainder when t is divided by -10*2/(-6)*(15 + -9).
17
Let b = 1688 - -3635. What is the remainder when b is divided by 24?
19
Let g(z) = -25*z + 105. Let w be g(0). Suppose w*c - 1302 = 91*c. Calculate the remainder when c is divided by 47.
46
Let s(t) = -3*t - 6. Let w be s(-3). Suppose 6*u - w = 177. Suppose -u + 7 = -p. Calculate the remainder when p is divided by 8.
7
Suppose -8693 = 10*p - 66193. Suppose p = 30*v - 5*v. Calculate the remainder when v is divided by 29.
27
Calculate the remainder when 549 is divided by -208*((-2412)/96 + 25).
3
Let n = 15638 + -15619. Calculate the remainder when 12117 is divided by n.
14
Let d(a) = a**3 - 5*a**2 + 16*a + 16. What is the remainder when 272 is divided by d(5)?
80
Suppose 0 = -346*y + 340*y + 136 + 188. Calculate the remainder when 181 is divided by y.
19
Suppose -3*o + 3*h - 66 = 0, 6*o + 51 = 3*o - 2*h. Let c = o + 40. Let l = 9 - -9. What is the remainder when c is divided by l?
3
Let x(n) = 9*n - 27. Let l(y) = -y + 2. Let a(b) = 5*l(b) + x(b). Suppose 0 = i + 2*i - 54. What is the remainder when a(17) is divided by i?
15
Let x = -221 + 249. What is the remainder when 1423 is divided by x?
23
Let o(f) = -6*f**3 + f**2 - 3*f - 4. Let q be (5 + -11)/12*(-1 + 1). Let x = 70 + q. What is the remainder when x is divided by o(-1)?
4
Suppose -l = 5623 - 5640. Calculate the remainder when (-126)/(-4) - (-14)/(-28) is divided by l.
14
Suppose -7*i - 223 = -6*i. Calculate the remainder when 146 is divided by i/(-3) - ((-10)/6 + 1).
71
Suppose -4*b = -3*s + 119, 4 = -5*b + 3*b. Suppose -2*x = w - s, 3*x + 3*w = 6*x - 78. Calculate the remainder when 292 is divided by (-14)/6*x/(-1).
47
Let v be 79 + 4 + -2 + 0. Suppose -5*i = -i, v = 3*t - 3*i. Let r = 2733 - 2725. What is the remainder when t is divided by r?
3
Let c(z) = z**3 + z**2 + 65*z + 4676. Calculate the remainder when c(0) is divided by 17.
1
Let f(k) = -k**3 + 35*k**2 + 45*k - 806. What is the rema